a factor of 3074465922?
True
Does 1630 divide 180115161?
False
Does 71 divide 2279395005?
True
Is 13 a factor of 1271873174?
True
Is 210776670 a multiple of 235?
True
Is 150 a factor of 40186950?
True
Is 1503217296 a multiple of 21?
True
Does 1043 divide 622144285?
True
Does 28 divide 359785804?
True
Is 2385 a factor of 179895780?
True
Is 25588192 a multiple of 196?
True
Is 1115 a factor of 330471300?
False
Is 128 a factor of 48475758?
False
Is 52017724 a multiple of 44?
True
Is 7575564 a multiple of 9?
False
Is 341 a factor of 98343218?
False
Is 391264265 a multiple of 833?
True
Is 673802 a multiple of 43?
False
Does 23 divide 36885330?
True
Is 23679656 a multiple of 91?
True
Is 348568962 a multiple of 123?
True
Does 1529 divide 90582410?
False
Is 36 a factor of 212462136?
True
Does 24 divide 13631999?
False
Is 5281340919 a multiple of 1549?
False
Is 93767265 a multiple of 1294?
False
Is 743753670 a multiple of 114?
True
Is 35020845 a multiple of 12?
False
Is 14 a factor of 14499212?
True
Does 15 divide 534011355?
True
Is 1004 a factor of 13495657?
False
Does 163 divide 76583523?
False
Is 42733080 a multiple of 1047?
False
Is 1364294 a multiple of 2353?
False
Is 31 a factor of 209888663?
False
Is 183 a factor of 16870797?
False
Is 43 a factor of 1836698818?
True
Is 1354396 a multiple of 522?
False
Is 10859916 a multiple of 12?
True
Does 301 divide 182203250?
False
Is 8 a factor of 674129892?
False
Is 1207110 a multiple of 15?
True
Is 2734 a factor of 46942780?
True
Is 35021753 a multiple of 85?
False
Is 27648101 a multiple of 36?
False
Is 70 a factor of 255492230?
True
Does 317 divide 65794301?
True
Is 1984 a factor of 2459976335?
False
Is 1627813 a multiple of 11?
True
Is 520 a factor of 69513990?
False
Does 8 divide 488438533?
False
Is 488508 a multiple of 321?
False
Does 982 divide 34448560?
True
Is 557390761 a multiple of 69?
False
Is 62087980 a multiple of 1916?
True
Is 4 a factor of 2302600?
True
Does 7 divide 33510538?
False
Is 37567296 a multiple of 2262?
True
Is 2286746334 a multiple of 12?
False
Is 155 a factor of 26433080?
True
Is 23 a factor of 81859436?
False
Is 11827525 a multiple of 16?
False
Is 588 a factor of 173754958?
False
Is 283 a factor of 47422088?
False
Is 4466727693 a multiple of 27?
True
Does 6 divide 11704485?
False
Is 106 a factor of 12301580?
False
Is 63634970 a multiple of 41?
False
Is 31 a factor of 1697281?
True
Is 46152343 a multiple of 464?
False
Does 385 divide 363088034?
False
Does 79 divide 34347225?
True
Is 1406 a factor of 1358128188?
False
Is 11383746 a multiple of 318?
False
Is 214 a factor of 1855309594?
True
Is 120879208 a multiple of 12?
False
Is 190 a factor of 1678401480?
True
Does 9 divide 33829110?
True
Is 18806973 a multiple of 15?
False
Does 116 divide 1987247390?
False
Is 44101368 a multiple of 142?
False
Does 912 divide 28168944?
True
Is 14 a factor of 2396315852?
True
Does 30 divide 78888630?
True
Does 15 divide 54335727?
False
Does 516 divide 887149098?
False
Is 3 a factor of 151221?
True
Is 193807846 a multiple of 146?
True
Does 11 divide 2410909?
False
Does 6287 divide 1319911641?
True
Is 11299133 a multiple of 24?
False
Is 334049100 a multiple of 30?
True
Is 8 a factor of 1280605832?
True
Is 3 a factor of 3885821?
False
Is 8543650 a multiple of 3363?
False
Is 93804218 a multiple of 15?
False
Is 56686596 a multiple of 44?
False
Is 1172764615 a multiple of 5217?
False
Does 24 divide 698283747?
False
Is 1463649948 a multiple of 4816?
False
Is 65 a factor of 17557605?
True
Does 383 divide 89155815?
False
Is 48223532 a multiple of 236?
True
Is 779947784 a multiple of 22?
True
Is 436549674 a multiple of 3046?
True
Is 1782778463 a multiple of 48?
False
Does 201 divide 448535027?
False
Does 358 divide 73118265?
False
Does 58 divide 767997946?
False
Is 4406 a factor of 765198832?
True
Does 506 divide 35011254?
False
Is 8841878 a multiple of 10?
False
Is 159461371 a multiple of 227?
True
Does 152 divide 188646494?
False
Is 49051706 a multiple of 121?
True
Is 582632509 a multiple of 3?
False
Is 16 a factor of 1294304?
True
Does 28 divide 323891917?
False
Is 74 a factor of 42804930?
True
Does 725 divide 233919251?
False
Does 305 divide 1245039890?
True
Is 5575625 a multiple of 2?
False
Does 3158 divide 45744625?
False
Is 2 a factor of 61532078?
True
Does 96 divide 45468480?
True
Is 239 a factor of 57514633?
True
Is 8 a factor of 5509997?
False
Is 6376104665 a multiple of 433?
False
Does 627 divide 19737960?
True
Is 176 a factor of 56105808?
True
Is 2982690990 a multiple of 222?
True
Is 14428694 a multiple of 14?
True
Is 329804636 a multiple of 42?
False
Is 620 a factor of 471841076?
False
Does 389 divide 47693734?
True
Is 385748199 a multiple of 1200?
False
Is 28 a factor of 1469286140?
True
Does 54 divide 123268119?
False
Does 36 divide 3887204117?
False
Does 1064 divide 3756611?
False
Is 832412504 a multiple of 2024?
True
Does 1940 divide 19954631?
False
Is 213057883 a multiple of 211?
True
Is 64 a factor of 102120384?
True
Is 569650562 a multiple of 97?
False
Is 20845200 a multiple of 8?
True
Does 9 divide 1456586712?
True
Is 22 a factor of 231218064?
True
Does 354 divide 10548846?
True
Is 328 a factor of 3099618040?
True
Does 13 divide 531266827?
True
Does 13 divide 52114675?
False
Is 21909851 a multiple of 46?
False
Does 472 divide 9946655?
False
Does 211 divide 1241575484?
True
Does 70 divide 157482500?
True
Does 1665 divide 1510369785?
True
Is 412830101 a multiple of 43?
False
Is 62 a factor of 826159444?
False
Does 331 divide 383049671?
False
Is 28503082 a multiple of 639?
False
Is 894 a factor of 821006104?
False
Is 519 a factor of 11430742?
False
Is 380749901 a multiple of 101?
True
Is 54115848 a multiple of 9?
True
Is 19 a factor of 444489116?
True
Is 180321516 a multiple of 188?
True
Is 252356400 a multiple of 9?
True
Does 669 divide 35424888?
True
Is 20729730 a multiple of 41?
False
Does 19 divide 198491727?
True
Is 69 a factor of 215058526?
False
Is 58864919 a multiple of 552?
False
Does 47 divide 65676308?
False
Is 315319180 a multiple of 20?
True
Is 9 a factor of 3533643?
True
Is 2298108124 a multiple of 930?
False
Is 1289665471 a multiple of 74?
False
Is 1618294 a multiple of 491?
False
Does 395 divide 106779955?
True
Does 40 divide 3509811475?
False
Is 96897750 a multiple of 30?
True
Is 375 a factor of 64793625?
True
Does 1070 divide 226412000?
True
Does 463 divide 70148551?
False
Does 216 divide 59811501?
False
Does 16 divide 127715081?
False
Is 10 a factor of 213570669?
False
Is 52911215 a multiple of 2?
False
Does 64 divide 189827392?
True
Is 139 a factor of 12789112?
True
Is 14113536 a multiple of 768?
True
Does 31 divide 1659279002?
False
Is 28 a factor of 607801208?
True
Does 7 divide 29360191?
True
Does 4409 divide 25443190?
False
Is 2015 a factor of 1726716005?
False
Is 13462113 a multiple of 381?
False
Does 16 divide 123883744?
True
Does 212 divide 10809244?
True
Does 19 divide 1370365329?
True
Is 336 a factor of 169065983?
False
Is 3 a factor of 447514632?
True
Is 9344 a factor of 699364936?
False
Is 132005874 a multiple of 403?
True
Does 530 divide 67005780?
True
Is 320 a factor of 18477440?
True
Is 75 a factor of 14040795?
False
Is 2316805522 a multiple of 31?
True
Is 8 a factor of 120125514?
False
Is 697 a factor of 320946483?
False
Does 939 divide 11928117?
True
Is 2566 a factor of 24491844?
False
Is 32 a factor of 1030154176?
True
Is 431040675 a multiple of 6495?
True
Is 555 a factor of 707889146?
False
Is 10 a factor of 6534447?
False
Is 27795918 a multiple of 238?
False
Does 2917 divide 270809799?
False
Is 148370783 a multiple of 678?
False
Is 242 a factor of 562221176?
True
Is 2138438656 a multiple of 256?
True
Is 53 a factor of 753987428?
False
Is 20 a factor of 332491260?
True
Is 156 a factor of 28489498?
False
Does 1917 divide 86335546?
False
Does 2866 divide 507526528?
False
Is 21 a factor of 189642204?
False
Does 48 divide 95691168?
True
Does 10 divide 3890509820?
True
Is 20 a factor of 1288642940?
True
Does 8 divide 2887718482?
False
Is 1104125398 a multiple of 79?
False
Does 10 divide 84623251?
False
Is 57570060 a multiple of 647?
True
Is 19 a factor of 37427812?
False
Is 405313419 a multiple of 517?
False
Is 45 a factor of 2987369590?
False
Does 315 